nits digit of z(m)?
7
Let l = -3345 - -6518. What is the thousands digit of l?
3
Let r = -276 - 148. Let q = r - -547. What is the tens digit of q?
2
Let b(i) = -1384*i + 1166. What is the units digit of b(-6)?
0
Suppose -y = -4*p - 6*y + 4409, 5*y + 5455 = 5*p. Let q = p + -517. Suppose -6*v + 4*v + 3*t + 391 = 0, -3*v = -3*t - q. What is the tens digit of v?
8
Let v = -29748 + 33958. What is the hundreds digit of v?
2
Let a = 27 - 14. Suppose -5*z = -48 + a. Suppose -z*l + 7 = -343. What is the units digit of l?
0
Suppose -4*n - 4*l = -9*l - 4448, -20 = 5*l. What is the units digit of n?
7
Let v(l) = 9*l**2 - 12*l + 30. Let p = -51 - -57. What is the units digit of v(p)?
2
Suppose -5*l + 1192 = 3*l. Let b = -113 + l. What is the tens digit of (1 - (6 - -40))*b/(-10)?
6
Suppose 132*g - 1661556 + 553152 = 0. What is the tens digit of g?
9
Let t(c) = c**3 - 39*c**2 - 630*c + 129. What is the units digit of t(53)?
5
Suppose -454*r + 456*r = 4*m + 16888, -5*r + 2*m + 42188 = 0. What is the units digit of r?
6
Let w(s) = -s**2 - s + 15. Let j be w(-3). What is the units digit of (3618/(-6))/((j/(-2))/3)?
2
Suppose 0 = 18*n - 1181 + 353. Let x = n - -58. What is the units digit of x?
4
Let z(y) = -2*y**3 + 74*y**2 - 322*y - 28. What is the thousands digit of z(21)?
7
Let o(b) = -233*b**3 - 8*b**2 - 26*b - 9. What is the thousands digit of o(-4)?
4
Let d = -553 + 553. Suppose d = -j - 4*f + 896, -11*j + 2*f - 1774 = -13*j. What is the hundreds digit of j?
8
Let t = 70586 + -11077. What is the ten thousands digit of t?
5
What is the units digit of (37/(-8)*-22)/(8/192)?
2
What is the units digit of (-4755)/20*(12 - 20)?
2
Suppose 20 = 4*w, 10*w - 72476 = -u + 6*w. What is the units digit of u?
6
Let j(i) = 7*i**2 - i. Let x(k) = 14*k**2 - k. Let c(z) = 7*j(z) - 3*x(z). Suppose v + 5*g = 24, -5*g + 9*g - 4 = 3*v. What is the tens digit of c(v)?
9
Suppose s = -5*x - 52, -5*s - 4*x - 113 = 231. Let f(j) = j**2 - 81*j - 304. Let z be f(-5). Let i = s + z. What is the units digit of i?
4
Let y = -6 + -9. Let d(a) = -a**2 - 18*a + 11. Let q be d(y). Let w = q + 197. What is the tens digit of w?
5
Let q = -8280 + 20258. What is the tens digit of q?
7
Let r = 21 + -15. Let p(x) = -x**3 + 6*x**2 + 3. Let g be p(r). Suppose 5*d + g*d = 624. What is the tens digit of d?
7
Let x(b) = -13*b - 63. Let m be x(-5). Suppose -m*g + 1122 = 3*y - 3608, 2*y = 4*g + 3164. What is the hundreds digit of y?
5
Let z(w) = 4*w - 12. Let j be z(4). Suppose 263 - 855 = -j*p. Suppose 48*q = 44*q + p. What is the tens digit of q?
3
Suppose -40*f - 14*f + 983070 = 0. What is the ten thousands digit of f?
1
Let t(n) = -n**2 - 8*n + 3. Let u be t(4). Let z(a) = 2*a**3 + 92*a**2 + 74*a - 65. What is the tens digit of z(u)?
5
Suppose -29*z + 26*z = -6. Suppose m - r + 112 = -61, 4*r = -z*m - 346. Let j = -81 - m. What is the units digit of j?
2
Let g(z) = -2*z**2 - 25*z - 8. Let d be g(-12). Suppose n - 3*n = y + 146, 0 = d*y + 5*n + 575. Let f = y - -333. What is the tens digit of f?
9
Let j(m) = -4*m. Let r be j(-1). Let b be 3/4 + 45/(-12) + r. What is the tens digit of -2 - (-2 - b - -1) - -142?
4
Suppose 2215 - 1833 = a. What is the tens digit of a?
8
Suppose 0 = -p - 3*i + 2*i - 19, 2*p + 10 = 5*i. What is the tens digit of 1 - p/(-5) - -99?
9
Let w = 79 - 61. Let u(c) = -c**2 + 29*c - 72. What is the hundreds digit of u(w)?
1
What is the thousands digit of 7023 - (-17)/((-136)/(-40))?
7
Suppose 382857 + 52545 = -2*n + 13*n. What is the thousands digit of n?
9
Suppose -4*x - 29 + 9 = 0. What is the hundreds digit of (-1 - -3)/((-18)/(-3681)) - x?
4
Let t(u) = 213*u**2 - 60*u + 502. What is the units digit of t(6)?
0
Let b(y) = 933*y**2 - 33*y + 4. What is the tens digit of b(-4)?
6
Let q(d) be the first derivative of -d**3/3 + d**2 + 26*d - 5. Let f be q(8). What is the units digit of (-4)/f - 371/(-77)?
5
Let m(d) = 43*d**2 + 63*d + 377. What is the units digit of m(-6)?
7
What is the thousands digit of (-370)/925 - (61684/(-10) - 2)?
6
Let u(f) = -29*f - 20. Let m be u(-19). Let y be m/(-6)*1 + 4/8. Let n = y - -206. What is the units digit of n?
8
Suppose -408*h = 2*f - 405*h - 6265, 0 = f + h - 3130. What is the hundreds digit of f?
1
Let k be (8/4 + -4)/2*488. Let r = k - -725. Suppose -r - 159 = -4*u. What is the units digit of u?
9
Let i(k) = 27*k. Let z be i(-2). Let f = 57 + z. Suppose f*y = -4*w + 623 + 419, 5*w + 5*y - 1300 = 0. What is the hundreds digit of w?
2
Let l = 11 - 5. Suppose 19*u - l = 17*u. Suppose u*p = 221 + 25. What is the tens digit of p?
8
Suppose 2*b - 6 = 4*d, 0*d - 2*d = 3*b - 17. Suppose 0 = -8*o + d + 31. Suppose 0 = -y + 5 + o. What is the units digit of y?
9
Let g = -244 - -274. Let t = g - -678. What is the units digit of t?
8
Let d(o) = 2*o**3 + 2*o**2 - 2*o - 7. Let x(h) = h**3 + h**2 - h - 3. Let f(i) = -4*d(i) + 9*x(i). Let l be f(1). What is the units digit of (-1)/(132/68 - l)?
7
Let w = -164 - -160. What is the hundreds digit of (w*(-1 + 2)*307)/(-2)?
6
Let k be (-3 - (2 + -113))/2. Suppose 4020 = -k*x + 69*x. What is the units digit of x?
8
Suppose -3*l + 898 = 5*z, 2*l - 5*z + 97 = 654. Suppose 2*p = 1621 - l. What is the hundreds digit of p?
6
Let m(u) = 921*u + 16239. What is the tens digit of m(8)?
0
Let a = -182 + 206. Suppose i + p - 100 = 0, 0 = -5*i - p - p + 497. Suppose 3*t - a = 3*m - i, -2*m + 65 = 3*t. What is the units digit of m?
8
Let p(m) = m**3 - 15*m**2 - 12*m - 30. Let y = -10 + 41. Let o = -15 + y. What is the tens digit of p(o)?
3
Let l = -21 + 24. Suppose -8*j = -l*j - 10. Suppose -a + r = -168, j*a - 87 = 5*r + 234. What is the units digit of a?
3
Let n(p) be the second derivative of -5*p**2 + 5/6*p**4 - 5/2*p**3 - 39*p + 0. What is the tens digit of n(5)?
6
What is the thousands digit of (5433/(-9))/(70/75 - 1)?
9
Let f = 54 + 38. Suppose 3075 = -f*j + 97*j. What is the units digit of j?
5
Let l = -3223 + 4929. What is the thousands digit of l?
1
What is the hundreds digit of 232/(12/15*50/660)?
8
Suppose 4*w - w - 29 = 5*k, -2*w = 4*k + 10. Let r be (6 + 121/(-22))/((-2)/4). What is the units digit of ((-135)/(-10))/(r/k)?
4
What is the hundreds digit of 1/(((-9)/(-1800)*-8)/((-2594)/5))?
9
Let d = 1832 + -1174. What is the hundreds digit of d?
6
Let l = 54405 - 30485. What is the thousands digit of l?
3
Let a(k) be the third derivative of 0 - 11/6*k**3 - 5/12*k**4 - 1/120*k**6 - 1/10*k**5 + 0*k + 15*k**2. What is the tens digit of a(-5)?
1
Let y be (1 + -2)*(-24 - 0). Suppose 5*k - y = 6. Suppose k*h - 317 = 133. What is the units digit of h?
5
Let j(i) = 4*i**3 - i**2 + 17*i + 50. Let q be j(-4). Let v = q + 1019. What is the tens digit of v?
2
Suppose -17*s = -6*s - 11154. Let v = s + -600. What is the hundreds digit of v?
4
Suppose 48 = 9*y - 1464. Let w = y + -129. What is the tens digit of w?
3
Let l(k) = 3*k + 9*k + 1 + 242*k**2 - 10*k. Let h be l(-1). Suppose 4*u - h - 103 = 0. What is the tens digit of u?
8
Let h be (1 + -14)*(-46 - 3). Let y be (-1 - -5*11)*1072/804. Suppose -5*o - 77 = -k + y, 2*o = -5*k + h. What is the hundreds digit of k?
1
Suppose -z + 33 - 23 = 0. Let y = 11 - z. What is the tens digit of ((-1216)/(-80))/(y/5)?
7
Suppose 36*x + 210 = 29*x. What is the tens digit of (4/(-6))/(x/6030)?
3
Let t = 360 - -274. What is the hundreds digit of t?
6
Let d(x) = 3*x**3 + 8*x**2 + 9*x + 6. Let g(a) = -a**3 + a - 1. Let m(j) = -d(j) - 4*g(j). Let r be m(8). Let t = -61 - r. What is the units digit of t?
5
Suppose -103348 = 98*q - 120549 - 201437. What is the thousands digit of q?
2
Let m = -22 - -72. Suppose 4*c - 138 = m. What is the tens digit of c?
4
Suppose 3*w - 15 = 0, 3*q + q - 5*w - 14591 = 0. What is the thousands digit of q?
3
Let t = -9355 - -19367. What is the tens digit of t?
1
Let c(n) = n**2 - 9*n - 22. Let y be c(10). Let x = y - -49. Let s = -7 + x. What is the tens digit of s?
3
Suppose -3*s = -2*n + 2844, -2*n + 4*s = -n - 1427. Let i = n + 497. What is the units digit of i/20 + (-2)/(-10)?
6
Let z be (220/(-3))/(7/84). Let m = z + 1625. What is the tens digit of m?
4
Let m = -51804 + 83911. What is the units digit of m?
7
Suppose -123*w + 118*w = -580. Suppose 128*h - 13164 = w*h. What is the units digit of h?
7
Let r = 80 - 27. Suppose 12*m = -7 - r. What is the unit